71, 89, 134177
List the prime factors of 5720730448.
2, 357545653
What are the prime factors of 6171757252?
2, 271, 5693503
What are the prime factors of 2206522587?
3, 257, 2861897
What are the prime factors of 7514798?
2, 3757399
List the prime factors of 505507512.
2, 3, 17, 1238989
List the prime factors of 30070977.
3, 17, 19, 31033
List the prime factors of 207039059.
207039059
What are the prime factors of 44858403?
3, 89, 56003
What are the prime factors of 390163313?
151, 2583863
What are the prime factors of 618240555?
3, 5, 971, 14149
What are the prime factors of 872945689?
7, 11, 509, 22273
What are the prime factors of 3849000608?
2, 120281269
List the prime factors of 3121816566.
2, 3, 11, 239, 197909
What are the prime factors of 3516041223?
3, 41, 223, 14243
List the prime factors of 892926062.
2, 7, 163, 391291
What are the prime factors of 198805034?
2, 29, 3427673
What are the prime factors of 435179787?
3, 7, 17, 1218991
What are the prime factors of 66657235?
5, 13331447
List the prime factors of 146895792.
2, 3, 3060329
List the prime factors of 23732983.
23732983
What are the prime factors of 823233469?
29, 2251, 12611
List the prime factors of 3127772314.
2, 1563886157
List the prime factors of 100474178.
2, 7, 163, 44029
List the prime factors of 481114233.
3, 1193, 44809
List the prime factors of 39683668.
2, 43, 230719
List the prime factors of 570494649.
3, 103, 1846261
List the prime factors of 372810820.
2, 5, 18640541
List the prime factors of 459317510.
2, 5, 1061, 43291
What are the prime factors of 344229925?
5, 13, 1059169
What are the prime factors of 3982724159?
19, 209617061
List the prime factors of 138309591.
3, 7, 107, 61553
List the prime factors of 1430608196.
2, 357652049
What are the prime factors of 128620354?
2, 59, 1090003
List the prime factors of 2691548798.
2, 71, 101, 187669
List the prime factors of 111291925.
5, 4451677
List the prime factors of 854316689.
311, 2746999
List the prime factors of 885333979.
885333979
List the prime factors of 72688086.
2, 3, 167, 24181
What are the prime factors of 163641708?
2, 3, 505067
List the prime factors of 318158622.
2, 3, 127, 139177
What are the prime factors of 236783600?
2, 5, 591959
List the prime factors of 43679482.
2, 7, 11, 40519
What are the prime factors of 794989541?
59, 13474399
List the prime factors of 16681901.
16681901
What are the prime factors of 59108670?
2, 3, 5, 29, 7549
List the prime factors of 520578340.
2, 5, 19, 1369943
What are the prime factors of 98030331?
3, 7, 8233
What are the prime factors of 464668212?
2, 3, 607, 63793
List the prime factors of 887098404.
2, 3, 5701, 12967
What are the prime factors of 127378524?
2, 3, 7, 13, 67, 1741
List the prime factors of 45124915.
5, 11, 131, 6263
What are the prime factors of 34510933?
61, 149, 3797
What are the prime factors of 646266317?
389, 1661353
What are the prime factors of 2308588741?
2308588741
What are the prime factors of 814082547?
3, 37, 7334077
List the prime factors of 1128202556.
2, 13, 21696203
List the prime factors of 5826746.
2, 379, 7687
What are the prime factors of 1694858885?
5, 73, 2131, 2179
What are the prime factors of 6236795084?
2, 13, 271, 442577
List the prime factors of 433239361.
433239361
What are the prime factors of 81101423?
13, 67, 93113
What are the prime factors of 351703757?
107, 3286951
What are the prime factors of 83664981?
3, 1032901
What are the prime factors of 909358592?
2, 1776091
List the prime factors of 110855825.
5, 113, 39241
List the prime factors of 217523879.
251, 866629
List the prime factors of 1097426732.
2, 274356683
What are the prime factors of 10409118?
2, 3, 31, 191, 293
What are the prime factors of 2123833544?
2, 7, 37925599
List the prime factors of 510361557.
3, 170120519
What are the prime factors of 2291474889?
3, 11, 23, 8317
What are the prime factors of 1545930634?
2, 772965317
List the prime factors of 129777891.
3, 23, 1880839
What are the prime factors of 107780969?
17, 1549, 4093
What are the prime factors of 187888261?
11, 443, 38557
List the prime factors of 49297227.
3, 7, 2347487
List the prime factors of 30592579.
30592579
List the prime factors of 24400190.
2, 5, 2440019
List the prime factors of 285108467.
7, 641, 63541
What are the prime factors of 52831207?
11, 13, 23, 16063
List the prime factors of 18754048.
2, 36629
What are the prime factors of 13567697?
11, 13, 79, 1201
What are the prime factors of 39018551?
11, 13, 139, 151
What are the prime factors of 39223166?
2, 19611583
List the prime factors of 49247592.
2, 3, 31, 37, 1789
What are the prime factors of 788500138?
2, 1051, 375119
List the prime factors of 4504265.
5, 659, 1367
What are the prime factors of 696366497?
283, 2460659
List the prime factors of 62407715.
5, 37, 337339
List the prime factors of 105871099.
307, 344857
List the prime factors of 935612295.
3, 5, 62374153
List the prime factors of 70435304.
2, 53, 283, 587
What are the prime factors of 3219746170?
2, 5, 29, 11102573
List the prime factors of 1712102362.
2, 43, 853, 23339
What are the prime factors of 3257660646?
2, 3, 199, 303151
What are the prime factors of 92885631?
3, 30961877
List the prime factors of 3412928242.
2, 1706464121
What are the prime factors of 4417789130?
2, 5, 8629, 51197
List the prime factors of 230220497.
13, 17709269
List the prime factors of 7122272.
2, 23, 9677
List the prime factors of 265604344.
2, 19, 509, 3433
What are the prime factors of 126010511?
11, 17, 43, 15671
What are the prime factors of 34274290?
2, 5, 19, 180391
What are the prime factors of 1730023148?
2, 7, 109, 283, 2003
What are the prime factors of 307289590?
2, 5, 30728959
List the prime factors of 41278130.
2, 5, 467, 8839
List the prime factors of 234949015.
5, 7, 163, 41183
What are the prime factors of 3415351059?
3, 89, 4263859
What are the prime factors of 4923343288?
2, 615417911
What are the prime factors of 27357977?
89, 97, 3169
What are the prime factors of 212833388?
2, 149, 357103
List the prime factors of 84056389.
84056389
What are the prime factors of 54161781?
3, 18053927
List the prime factors of 791065659.
3, 107, 2464379
What are the prime factors of 274232233?
11, 563, 44281
What are the prime factors of 129194369?
71, 113, 16103
What are the prime factors of 304338761?
97, 3137513
List the prime factors of 226726036.
2, 911, 62219
What are the prime factors of 4437372056?
2, 13, 42667039
What are the prime factors of 143215900?
2, 5, 37, 38707
List the prime factors of 12809963.
12809963
List the prime factors of 124413225.
3, 5, 17, 97579
What are the prime factors of 1289394041?
13, 99184157
What are the prime factors of 25132665?
3, 5, 79, 127, 167
List the prime factors of 384293221.
13, 19, 397, 3919
List the prime factors of 1179800521.
59, 67, 157, 1901
What are the prime factors of 63208409?
11, 43, 133633
What are the prime factors of 244404478?
2, 17, 107, 67181
What are the prime factors of 29641529?
29641529
List the prime factors of 68909654.
2, 11, 3132257
List the prime factors of 397783408.
2, 11, 17, 132949
What are the prime factors of 39385244?
2, 9846311
List the prime factors of 905604168.
2, 3, 7, 5390501
List the prime factors of 155096240.
2, 5, 13, 19, 47, 167
List the prime factors of 1306850883.
3, 13, 43, 509, 1531
List the prime factors of 3099647466.
2, 3, 57400879
What are the prime factors of 3326626759?
17, 43, 4550789
What are the prime factors of 98185898?
2, 41, 1197389
What are the prime factors of 676748136?
2, 3, 23, 83, 14771
What are the prime factors of 47977620?
2, 3, 5, 59, 13553
What are the prime factors of 214960609?
214960609
List the prime factors of 36591245.
5, 19, 385171
What are the prime factors of 151873775?
5, 367, 16553
List the prime factors of 297384416.
2, 7, 47, 601
List the prime factors of 12730076.
2, 17, 19, 59, 167
What are the prime factors of 391841381?
17, 23049493
List the prime factors of 27554244.
2, 3, 2296187
What are the prime factors of 53761778?
2, 7, 3840127
What are the prime factors of 477469239?
3, 13, 1409, 8689
What are the prime factors of 173343403?
19, 9123337
List the prime factors of 40813736.
2, 17, 127, 139
List the prime factors of 39297546.
